{"id":87212,"date":"2024-09-21T17:42:00","date_gmt":"2024-09-21T23:42:00","guid":{"rendered":"https:\/\/avellanas.mercato.cr\/tienda\/sin%20categor\u00eda\/pan-pita-congelado-5-unidades\/"},"modified":"2026-04-25T09:42:12","modified_gmt":"2026-04-25T15:42:12","slug":"pan-pita-congelado-5-unidades","status":"publish","type":"product","link":"https:\/\/avellanas.mercato.cr\/es\/bwlm-shop\/panaderia\/pan-pita-congelado-5-unidades\/","title":{"rendered":"Pan Pita Masa Madre Congelado &#8211; 5 unidades"},"content":{"rendered":"","protected":false},"excerpt":{"rendered":"<p>Estas son pitas de otro nivel. Harina artesanal, masa madre, aceite de oliva, agua, sal, en forma de pitas gorditas y deliciosas, listas para sacar del congelador y rellenar con la combinaci\u00f3n de ingredientes m\u00e1s arriesgada que tengas en la refri. 790 gramos de delicia, en forma de 5 pitas, sin ning\u00fan conservante ni aditivo.<\/p>\n","protected":false},"featured_media":87211,"template":"","meta":[],"product_brand":[],"product_cat":[141],"product_tag":[280,187],"class_list":{"0":"post-87212","1":"product","2":"type-product","3":"status-publish","4":"has-post-thumbnail","6":"product_cat-panaderia","7":"product_tag-congelado","8":"product_tag-masa-madre","9":"wc-prl-cat-141","10":"wc-prl-tag-280-187","12":"first","13":"instock","14":"taxable","15":"shipping-taxable","16":"purchasable","17":"product-type-simple"},"jetpack_sharing_enabled":true,"_links":{"self":[{"href":"https:\/\/avellanas.mercato.cr\/es\/wp-json\/wp\/v2\/product\/87212","targetHints":{"allow":["GET"]}}],"collection":[{"href":"https:\/\/avellanas.mercato.cr\/es\/wp-json\/wp\/v2\/product"}],"about":[{"href":"https:\/\/avellanas.mercato.cr\/es\/wp-json\/wp\/v2\/types\/product"}],"wp:featuredmedia":[{"embeddable":true,"href":"https:\/\/avellanas.mercato.cr\/es\/wp-json\/wp\/v2\/media\/87211"}],"wp:attachment":[{"href":"https:\/\/avellanas.mercato.cr\/es\/wp-json\/wp\/v2\/media?parent=87212"}],"wp:term":[{"taxonomy":"product_brand","embeddable":true,"href":"https:\/\/avellanas.mercato.cr\/es\/wp-json\/wp\/v2\/product_brand?post=87212"},{"taxonomy":"product_cat","embeddable":true,"href":"https:\/\/avellanas.mercato.cr\/es\/wp-json\/wp\/v2\/product_cat?post=87212"},{"taxonomy":"product_tag","embeddable":true,"href":"https:\/\/avellanas.mercato.cr\/es\/wp-json\/wp\/v2\/product_tag?post=87212"}],"curies":[{"name":"wp","href":"https:\/\/api.w.org\/{rel}","templated":true}]}}

https://avellanas.mercato.cr/tienda/sin%20categoría/pan-pita-congelado-5-unidades/

<p>Estas son pitas de otro nivel. Harina artesanal, masa madre, aceite de oliva, agua, sal, en forma de pitas gorditas y deliciosas, listas para sacar del congelador y rellenar con la combinación de ingredientes más arriesgada que tengas en la refri. 790 gramos de delicia, en forma de 5 pitas, sin ningún conservante ni aditivo.</p>
